 Let w(i) = -h*i**2 + 34*i**2 - 22*i**2. What is w(1)?
-2
Let i = -100 - -41. Let v = i + 59. Let a(z) = z - 19. What is a(v)?
-19
Let l = -288 + 288. Let c(j) = -j**2 - 31. What is c(l)?
-31
Let n(p) = 4*p**2 + 3*p + 1. Let s be (-5 + (3 - 3))/(1 - 0). Let h(b) = -b**2 - b - 1. Let z(g) = s*h(g) - n(g). What is z(-3)?
7
Let y(x) be the second derivative of x**5/20 + x**4/2 + 3*x**2 + 7*x + 8. What is y(-5)?
31
Let d be 2*(4 + (-65)/10). Let s(w) = -3*w**3 + 2*w - 4*w**2 + 2*w**3 + 3*w + 0*w. What is s(d)?
0
Let n(s) = s**2 - 5*s + 3. Let r be (3 + 35/(-10))*-10. Let x(d) = -d**3 + 4*d**2 + 5*d + 4. Let z be x(r). Calculate n(z).
-1
Let w(u) = u**3 + 3*u**2 - 5*u - 1. Let r(g) = -g**3 + 12*g**2 - 11*g + 15. Let d be r(11). Suppose d + 5 = -5*n. Give w(n).
3
Let v(r) = -r**3 - 6*r**2 + 5*r - 9. Let n = 2 + 1. Let c be ((-8)/(-12))/((-8)/156) + 3. Let m = c + n. Give v(m).
5
Let i be ((-1)/(-2))/(-3 + 37/12). Let l(j) = -2*j**2 - 5*j - 5. Suppose 0 = -2*m + 3*m + 4. Let z(d) = 3*d**2 + 5*d + 5. Let f(x) = m*l(x) - 3*z(x). Give f(i).
-1
Let g(w) = 3*w - 13. Suppose -137 = -4*f - 125. Give g(f).
-4
Let z = 896 - 892. Let f(k) = 3*k - 24 - 5*k - 4*k + 25. Calculate f(z).
-23
Let u(g) = g**2 + 4*g - 2 + 2*g - 4. Let v(f) = -f**3 + 6*f**2 - 6. Let z be v(6). Let p be u(z). Let m(s) = s**2 + 7*s + 9. What is m(p)?
3
Let r(p) be the third derivative of 0*p**3 + 1/120*p**6 - 21*p**2 + 0*p**4 + 0*p + 0 + 0*p**5. Let a(s) = s - 9. Let w be a(8). Give r(w).
-1
Let f be (-2 + 2)/(11 - (12 - 4)). Let o(b) be the third derivative of -9*b**2 + 1/12*b**4 + 0 - 1/6*b**3 + f*b. Calculate o(1).
1
Suppose -w - 3*w + u = -26, 0 = -w - 2*u + 2. Let i(y) be the third derivative of -y**4/24 + y**3/3 - 9*y**2. Determine i(w).
-4
Let y(v) = 52*v - 144*v + 12 + 47*v + 43*v. Give y(9).
-6
Let o be -3 + (2/(-2))/(6/(-18)). Suppose -2*z + 13 + 1 = o. Let q(s) = s**3 - 8*s**2 + 8*s + 5. Determine q(z).
12
Let y(u) = u**2 + 6*u + 10. Let i be y(-4). Let r be ((-35)/(-28))/(i/(-8)). Let w(j) be the first derivative of -j**2/2 - 2*j - 5. Give w(r).
3
Suppose -b = 2*b. Let d be b*(2 + (-20)/8). Suppose 5*v - 2*i + 5 = d, -3 = -4*v - 3*i - 7. Let p(k) = -2*k. What is p(v)?
2
Let r(s) = 4*s**2 + 1. Suppose 5*k - 9 = 21. Let v(x) = x + 16. Let n be v(-11). Suppose n = -w + k*w. Calculate r(w).
5
Let w be (-16)/(-3*(-2)/(-3)). Suppose w*m = 29 + 11. Suppose 1 = m*h - 29. Let u(t) = t - 8. What is u(h)?
-2
Let b(k) = -k**3 + k**2 - 3*k + 4. Let w be b(2). Let i(t) = 3*t + 6. Let v(s) = 7*s + 13. Let m(f) = 5*i(f) - 2*v(f). What is m(w)?
-2
Let r(a) be the first derivative of a**3/3 - 11*a**2/2 + 15*a - 61. What is r(7)?
-13
Let a(y) = -y**3 - 3*y + 3. Suppose -45*c + 44*c - 5*v = 18, 2*c = -5*v - 16. Give a(c).
-11
Let s(h) = -h + 8. Let u(p) = -13. Let t(o) = 4*s(o) + 3*u(o). Determine t(3).
-19
Let x = -2 - 2. Let l(t) be the third derivative of -t**6/720 + t**5/24 - 5*t**4/12 + 3*t**2. Let s(w) be the second derivative of l(w). Determine s(x).
9
Let s(j) = -3*j - 15. Suppose o - r = -o + 14, -o + 25 = -5*r. Let i(m) = 2*m + 8. Let w(c) = o*i(c) + 3*s(c). Suppose 0 = 4*g - 0*g - 16. What is w(g)?
-1
Suppose -55 = -9*p - 1. Let h(w) = -w**2 + 4*w + 13. Determine h(p).
1
Let s(t) be the first derivative of t**3/3 + t**2 - 20*t + 105. Determine s(-6).
4
Suppose 3*s + 21 = 5*v, -2*s + 0*s + 11 = 5*v. Let a(o) = -3*o + 13. Let c(j) = 11*j - 46. Let r(b) = -7*a(b) - 2*c(b). Determine r(v).
-2
Let u = 3 - 11. Let g be (-1 + -2)/(2/u). Let s = g - 13. Let n(x) = x**3 + x**2 + x + 1. Calculate n(s).
0
Let u(s) be the second derivative of -s**3/2 - 17*s**2/2 + s - 47. Determine u(-7).
4
Let b(d) = d**3 - 6*d**2 - 11*d + 7. Suppose -v = -23 + 16. What is b(v)?
-21
Suppose -9 + 33 = -3*z. Let k = 10 + z. Let u(c) = -6 + 0 + 5*c**3 - 4*c**3 + 3*c**k - 6*c. What is u(-4)?
2
Let o = -6 + 5. Let h(f) be the second derivative of 11*f**3/6 + f**2/2 + 3*f. Give h(o).
-10
Let u(a) = -2*a**2 + 2*a - 7. Suppose 4*z = 3*w + 29, -z = -4*w + z - 22. Let t(h) = 3*h**2 - 3*h + 13. Let g(d) = w*t(d) - 5*u(d). Calculate g(0).
-4
Suppose -2 = -2*k, 2*d - 8 = -d + k. Let v(c) be the third derivative of -1/24*c**4 + 0 + 0*c + 1/6*c**d - 1/10*c**5 + 1/120*c**6 - 3*c**2. Determine v(6).
-5
Let p(a) = 50*a + 4. Let d be p(1). Suppose 0 = -33*l + 24*l + d. Let g(r) = -r**2 + 6*r. Determine g(l).
0
Let b(o) = -7*o**2 - o**3 - 11*o + 2*o**3 + 16*o. Let s be b(6). Let q(f) = -3*f - 7. What is q(s)?
11
Let c(m) = -11*m - 2. Suppose 14*l - 8*l = -24. Determine c(l).
42
Let c(i) = -i + 5. Let y(b) = 6*b - 25. Let k(s) = 11*c(s) + 2*y(s). Let p(a) = a**2 - 16*a + 18. Let t be p(14). What is k(t)?
-5
Suppose -3*o = -5*j - 79, 5*o = 4*j + 62 + 48. Let h = -14 + o. Let k(v) = -3*v - 3 - 2*v**2 + 3*v + 0*v**2 - h*v. Determine k(-2).
-3
Let j(q) = 5*q - 1. Let z be (3 + -6)/(6 - 9). Give j(z).
4
Let d(k) = -6*k - 7*k - 2 + 5*k - k**2. Let p be d(-8). Let y(c) = c**2 - 2*c. Determine y(p).
8
Let u(x) = x**2 - 7*x - 4. Let q(t) = -t**2 + 8*t + 4. Let c(k) = -5*q(k) - 6*u(k). Let z = -4 - -23. Let y = -22 + z. Give c(y).
-11
Let r(y) = 53*y + 12. Let a(o) = 44*o + 12. Let x(v) = 6*a(v) - 5*r(v). Determine x(11).
1
Let c(k) be the second derivative of k**3/6 + 12*k. Let n(z) = z**2 + 4*z - 3. Let o(j) = 2*c(j) + n(j). What is o(-5)?
-8
Let n be 8 + -1 + -4 + 7*4/28. Let p(l) = -6*l + 2*l + 2*l + 3. Determine p(n).
-5
Let x(w) = -4*w - 10. Let z = -462 + 459. Determine x(z).
2
Let p(k) be the first derivative of k**6/120 + k**5/60 + k**4/12 + k**3/6 - 11*k**2/2 - 8. Let f(j) be the second derivative of p(j). Calculate f(-2).
-7
Let n = -463 - -471. Let m(u) = -u**3 + 9*u**2 - 9*u - 2. Determine m(n).
-10
Let r(x) = 6*x + 6. Let f(c) = -6*c - 7. Let y(z) = -4*f(z) - 5*r(z). Suppose 139 = -4*m - 189. Let d = m + 80. What is y(d)?
10
Let d be (6/4)/((-169)/52 - -3). Let i(s) = 2*s + 13. Calculate i(d).
1
Let s be ((-3)/2)/((-249)/1660) + -4. Let i(m) be the third derivative of 1/24*m**4 - 4*m**2 + 1/120*m**s + 0*m + 0 + 2/3*m**3 + 0*m**5. What is i(0)?
4
Let m(p) be the second derivative of 0 - p**2 + 5/12*p**4 + 14*p + 2/3*p**3 + 1/20*p**5. Give m(-4).
-2
Let k = 84 - 120. Let y = k + 61. Let t = y - 21. Let f(m) = -m**2 + 5*m + 4. Determine f(t).
8
Suppose -3*g + 111 = -5*b - g, 0 = -2*b + 4*g - 54. Let x be (-20)/(-35) - (-75)/b. Let v(h) = -h**3 - h**2 + 2*h + 2. Calculate v(x).
14
Suppose 26 = 2*j + 22. Let l(s) be the first derivative of -3/2*s**j + s - 6. Calculate l(-2).
7
Suppose 0*w - 2*w + 5*c = 136, -c = 2*w + 136. Let b = 68 + w. Let r(n) = -n**2 - 5. Calculate r(b).
-5
Let z be 0*(-2)/6 + 10. Let c = z + -12. Let h(r) be the third derivative of r**6/120 - r**5/60 - r**4/24 - 26*r**2. What is h(c)?
-10
Let b be (4 - (8 - 4))/(-3). Let j(f) = b*f - f + 2 + 0*f + 3. What is j(9)?
-4
Suppose l + f + 3 = 0, 16*f - 17 = 4*l + 21*f. Let r(n) = -n**3 + n**2 - n. Determine r(l).
-6
Let v be (495/25)/3 + (-12)/(-30). Let w(r) = -4*r + r**2 + r**2 + 0*r**2 - r**2 - 4. Calculate w(v).
17
Let m(x) = -x**2 - 4*x - 1. Let v(n) = -2*n**2 - 11*n + 9. Let b be v(-6). Let r = -8 + b. Give m(r).
-6
Let b be (-3 + (-7)/(-2))*-6. Let f(q) be the third derivative of 0 + 2/3*q**3 + 9*q**2 + 0*q - 1/15*q**5 + 1/8*q**4 - 1/120*q**6. What is f(b)?
-14
Let r(a) = 8*a + 1. Let g(p) = 3*p + 43. Let t be g(-14). Calculate r(t).
9
Let n(q) = -2*q. Let o(p) = -p + 1. Let t(z) = -2*n(z) + 6*o(z). Let r be 2/(-6) + (-8)/12. Let h = r + 7. What is t(h)?
-6
Let q(n) = -n**2 + n - 1. Let a(u) = 7*u**2 + 7. Let r = 94 - 93. Let i(f) = r*a(f) + 6*q(f). Calculate i(-3).
-8
Suppose -2*z + z = 0. Let p(w) be the third derivative of -w**4/24 - w**3 - 27*w**2 - w. Give p(z).
-6
Suppose 0 = 2*k + 3*g - 3, 0 = 4*k - 5*g - 7 - 10. Let y be 8/((-6)/(-3)) - k. Let x(i) be the second derivative of i**3/2 - i**2/2 - i. Determine x(y).
2
Suppose -5*m - 2*c = 13, 5*m - 2*c = -10 - 7. Let p(r) = -r**2 - 5*r - 3. Give p(m).
3
Suppose -3*j + 4*j = 33. Let y(i) = 4*i + 1. Let t be y(1). Suppose 5*f - t*v = -4*v + 37, 5*f + v = j. Let m(k) = k**2 - 7*k - 3. What is m(f)?
-3
Let i(s) be the second derivative of -s**5/120 + 3*s**4/8 + 5*s**3/3 - 3*s. Let r(y) be the second derivative of i(y). Give r(7).
2
Let s = 124 + -120. Suppose s*p + h + 3*h - 16 = 0, 0 = 4*p + h - 22. Let 